{"id":102,"date":"2023-03-22T20:23:54","date_gmt":"2023-03-22T19:23:54","guid":{"rendered":"http:\/\/lapoterienot.fr\/?page_id=102"},"modified":"2026-01-18T18:38:50","modified_gmt":"2026-01-18T17:38:50","slug":"la-poterie","status":"publish","type":"page","link":"https:\/\/lapoterienot.fr\/index.php\/la-poterie\/","title":{"rendered":"La poterie"},"content":{"rendered":"\t\t<div data-elementor-type=\"wp-page\" data-elementor-id=\"102\" class=\"elementor elementor-102\" data-elementor-post-type=\"page\">\n\t\t\t\t\t\t<section class=\"elementor-section elementor-top-section elementor-element elementor-element-4a6678be elementor-section-full_width elementor-section-height-min-height elementor-section-items-stretch elementor-section-content-middle elementor-reverse-tablet elementor-reverse-mobile elementor-section-height-default\" data-id=\"4a6678be\" data-element_type=\"section\">\n\t\t\t\t\t\t<div class=\"elementor-container elementor-column-gap-no\">\n\t\t\t\t\t<div class=\"elementor-column elementor-col-50 elementor-top-column elementor-element elementor-element-6beb7cdf\" data-id=\"6beb7cdf\" data-element_type=\"column\">\n\t\t\t<div class=\"elementor-widget-wrap elementor-element-populated\">\n\t\t\t\t\t\t<section class=\"elementor-section elementor-inner-section elementor-element elementor-element-3623ef3f elementor-section-full_width elementor-section-height-default elementor-section-height-default\" data-id=\"3623ef3f\" data-element_type=\"section\">\n\t\t\t\t\t\t<div class=\"elementor-container elementor-column-gap-no\">\n\t\t\t\t\t<div class=\"elementor-column elementor-col-100 elementor-inner-column elementor-element elementor-element-4f13988f\" data-id=\"4f13988f\" data-element_type=\"column\">\n\t\t\t<div class=\"elementor-widget-wrap elementor-element-populated\">\n\t\t\t\t\t\t<div class=\"elementor-element elementor-element-2e662b40 elementor-widget elementor-widget-heading\" data-id=\"2e662b40\" data-element_type=\"widget\" data-widget_type=\"heading.default\">\n\t\t\t\t<div class=\"elementor-widget-container\">\n\t\t\t\t\t<h2 class=\"elementor-heading-title elementor-size-default\">Nous sommes une <br> Poterie Artisanale \n<br>situ\u00e9e dans le <br>\nSud-Ouest\n<\/h2>\t\t\t\t<\/div>\n\t\t\t\t<\/div>\n\t\t\t\t<div class=\"elementor-element elementor-element-6ad43c94 elementor-widget__width-initial elementor-invisible elementor-widget elementor-widget-text-editor\" data-id=\"6ad43c94\" data-element_type=\"widget\" data-settings=\"{&quot;_animation&quot;:&quot;fadeInDown&quot;}\" data-widget_type=\"text-editor.default\">\n\t\t\t\t<div class=\"elementor-widget-container\">\n\t\t\t\t\t\t\t\t\t<p>Dans le petit village du Mas-Saintes-Puelles, \u00e0 quelques kilom\u00e8tres de la Castelnaudary, la Poterie Not poterie perp\u00e9tue la tradition du m\u00e9tier ancestral et artisanal de potier.<\/p>\t\t\t\t\t\t\t\t<\/div>\n\t\t\t\t<\/div>\n\t\t\t\t\t<\/div>\n\t\t<\/div>\n\t\t\t\t\t<\/div>\n\t\t<\/section>\n\t\t\t\t<div class=\"elementor-element elementor-element-192ef982 elementor-invisible elementor-widget elementor-widget-heading\" data-id=\"192ef982\" data-element_type=\"widget\" data-settings=\"{&quot;_animation&quot;:&quot;fadeInUp&quot;}\" data-widget_type=\"heading.default\">\n\t\t\t\t<div class=\"elementor-widget-container\">\n\t\t\t\t\t<span class=\"elementor-heading-title elementor-size-default\">le lieu<\/span>\t\t\t\t<\/div>\n\t\t\t\t<\/div>\n\t\t\t\t\t<\/div>\n\t\t<\/div>\n\t\t\t\t<div class=\"elementor-column elementor-col-50 elementor-top-column elementor-element elementor-element-19f08bc0\" data-id=\"19f08bc0\" data-element_type=\"column\" data-settings=\"{&quot;background_background&quot;:&quot;classic&quot;}\">\n\t\t\t<div class=\"elementor-widget-wrap elementor-element-populated\">\n\t\t\t\t\t\t<div class=\"elementor-element elementor-element-6880f1b7 elementor-widget elementor-widget-spacer\" data-id=\"6880f1b7\" data-element_type=\"widget\" data-widget_type=\"spacer.default\">\n\t\t\t\t<div class=\"elementor-widget-container\">\n\t\t\t\t\t\t\t<div class=\"elementor-spacer\">\n\t\t\t<div class=\"elementor-spacer-inner\"><\/div>\n\t\t<\/div>\n\t\t\t\t\t\t<\/div>\n\t\t\t\t<\/div>\n\t\t\t\t\t<\/div>\n\t\t<\/div>\n\t\t\t\t\t<\/div>\n\t\t<\/section>\n\t\t\t\t<section class=\"elementor-section elementor-top-section elementor-element elementor-element-7b0bb22b elementor-section-full_width elementor-section-height-min-height elementor-section-items-stretch elementor-section-content-middle elementor-section-height-default\" data-id=\"7b0bb22b\" data-element_type=\"section\">\n\t\t\t\t\t\t<div class=\"elementor-container elementor-column-gap-no\">\n\t\t\t\t\t<div class=\"elementor-column elementor-col-50 elementor-top-column elementor-element elementor-element-1a69f773\" data-id=\"1a69f773\" data-element_type=\"column\" data-settings=\"{&quot;background_background&quot;:&quot;classic&quot;}\">\n\t\t\t<div class=\"elementor-widget-wrap elementor-element-populated\">\n\t\t\t\t\t\t<div class=\"elementor-element elementor-element-1ed90e4d elementor-widget elementor-widget-spacer\" data-id=\"1ed90e4d\" data-element_type=\"widget\" data-widget_type=\"spacer.default\">\n\t\t\t\t<div class=\"elementor-widget-container\">\n\t\t\t\t\t\t\t<div class=\"elementor-spacer\">\n\t\t\t<div class=\"elementor-spacer-inner\"><\/div>\n\t\t<\/div>\n\t\t\t\t\t\t<\/div>\n\t\t\t\t<\/div>\n\t\t\t\t\t<\/div>\n\t\t<\/div>\n\t\t\t\t<div class=\"elementor-column elementor-col-50 elementor-top-column elementor-element elementor-element-52442402\" data-id=\"52442402\" data-element_type=\"column\">\n\t\t\t<div class=\"elementor-widget-wrap elementor-element-populated\">\n\t\t\t\t\t\t<div class=\"elementor-element elementor-element-1c5f4276 elementor-widget elementor-widget-heading\" data-id=\"1c5f4276\" data-element_type=\"widget\" data-widget_type=\"heading.default\">\n\t\t\t\t<div class=\"elementor-widget-container\">\n\t\t\t\t\t<h2 class=\"elementor-heading-title elementor-size-default\">Un atelier hors du temps <\/h2>\t\t\t\t<\/div>\n\t\t\t\t<\/div>\n\t\t\t\t<div class=\"elementor-element elementor-element-5d1301a1 elementor-widget elementor-widget-text-editor\" data-id=\"5d1301a1\" data-element_type=\"widget\" data-widget_type=\"text-editor.default\">\n\t\t\t\t<div class=\"elementor-widget-container\">\n\t\t\t\t\t\t\t\t\t<p>Au sein de notre poterie, plusieurs salles se distinguent avec pour chacune, une utilit\u00e9 propre.\u00a0<\/p><p>D&rsquo;un c\u00f4t\u00e9, il y a l&rsquo;atelier en lui-m\u00eame. Ici, \u00a0nous fa\u00e7onnons la terre pour lui donner la forme que nous souhaitons.\u00a0<\/p><p>En passant par la boutique, nous arrivons \u00e0 la salle des fours. Si le vieux four de pr\u00e8s de 200 ans n&rsquo;est plus utilis\u00e9, nous maintenons une cuisson artisanale avec deux fours \u00e0 gaz.\u00a0<\/p><p>Une fois pass\u00e9s au s\u00e9choir, les diff\u00e9rents objets sont vernis, color\u00e9s, laiss\u00e9s bruts&#8230;<\/p><p>Ces \u00e9tapes constituent la fabrication que nous perp\u00e9tuons traditionnellement depuis plusieurs g\u00e9n\u00e9rations !<\/p>\t\t\t\t\t\t\t\t<\/div>\n\t\t\t\t<\/div>\n\t\t\t\t\t<\/div>\n\t\t<\/div>\n\t\t\t\t\t<\/div>\n\t\t<\/section>\n\t\t\t\t<section class=\"elementor-section elementor-top-section elementor-element elementor-element-37e8dc elementor-section-full_width elementor-section-height-default elementor-section-height-default\" data-id=\"37e8dc\" data-element_type=\"section\">\n\t\t\t\t\t\t<div class=\"elementor-container elementor-column-gap-no\">\n\t\t\t\t\t<div class=\"elementor-column elementor-col-100 elementor-top-column elementor-element elementor-element-228f1818\" data-id=\"228f1818\" data-element_type=\"column\">\n\t\t\t<div class=\"elementor-widget-wrap elementor-element-populated\">\n\t\t\t\t\t\t<div class=\"elementor-element elementor-element-479fd9ed elementor-widget elementor-widget-heading\" data-id=\"479fd9ed\" data-element_type=\"widget\" data-widget_type=\"heading.default\">\n\t\t\t\t<div class=\"elementor-widget-container\">\n\t\t\t\t\t<h2 class=\"elementor-heading-title elementor-size-default\">les \u00e9tapes<\/h2>\t\t\t\t<\/div>\n\t\t\t\t<\/div>\n\t\t\t\t<div class=\"elementor-element elementor-element-bca683c elementor-widget elementor-widget-timeline-widget-addon\" data-id=\"bca683c\" data-element_type=\"widget\" data-widget_type=\"timeline-widget-addon.default\">\n\t\t\t\t<div class=\"elementor-widget-container\">\n\t\t\t\t\t<!-- ========= Timeline Widget Addon For Elementor 1.5.1 ========= -->\r\n<div id=\"twae-wrapper-bca683c\" class=\"twae-vertical twae-wrapper  twae-both-sided \">   \r\n    <div class=\"twae-start\"><\/div>    \r\n    <div id=\"twea-timeline-bca683c\" class=\"twae-timeline\" ><div id=\"story-d8936ef\" class=\"twae-story twae-repeater-item twae-story-right twae-story-icon\">\r\n                <div class=\"twae-labels\" ><div class=\"twae-label-big\">L'argile<\/div><\/div><div class=\"twae-icon\"><i aria-hidden=\"true\" class=\"fas fa-cubes\"><\/i><\/div><div class=\"twae-arrow\"><\/div><div class=\"twae-content\"><div class=\"twae-title\">Pr\u00e9paration de l'argile<\/div><div class=\"twae-description\"><p>La terre entrepos\u00e9e est s\u00e8che. Elle doit \u00eatre \u00e9cras\u00e9e le plus finement possible au rouleau puis dans un broyeur pour \u00eatre r\u00e9duite en poudre. Pour \u00eatre utilis\u00e9e, la poudre est mouill\u00e9e avant d'\u00eatre confi\u00e9e au malaxeur. La machine permet de fabriquer les pains d'argile d'une vingtaine de kg.\u00a0<br \/>Le potier peut alors commencer ses cr\u00e9ations !\u00a0<\/p><\/div>\r\n                <\/div>\r\n        <\/div><div id=\"story-412b2b4\" class=\"twae-story twae-repeater-item twae-story-left twae-story-icon\">\r\n                <div class=\"twae-labels\" ><div class=\"twae-label-big\">Le tour<\/div><\/div><div class=\"twae-icon\"><i aria-hidden=\"true\" class=\"fas fa-hands\"><\/i><\/div><div class=\"twae-arrow\"><\/div><div class=\"twae-content\"><div class=\"twae-title\">Le travail du tourneur<\/div><div class=\"twae-description\"><p>Une fois que le tourneur a pr\u00e9lev\u00e9 un pastou (ou motte d'argile) de son pain, il le malaxe et le violente quelque peu pour le rendre homog\u00e8ne, sans bulles d'air. Lorsque le pastou est d\u00e9pos\u00e9 au centre du tour, sur la girelle, l'outil est alors mis en rotation. L'argile est fa\u00e7onn\u00e9e selon les gestes experts du potier...<br \/>Une fois la forme achev\u00e9e, elle est d\u00e9coll\u00e9e de la girelle \u00e0 l'aide du fil ou de la truelle pour \u00eatre d\u00e9pos\u00e9e sur un planche en vue du s\u00e9chage.\u00a0<\/p><\/div>\r\n                <\/div>\r\n        <\/div><div id=\"story-e7eafcf\" class=\"twae-story twae-repeater-item twae-story-right twae-story-icon\">\r\n                <div class=\"twae-labels\" ><div class=\"twae-label-big\">Le s\u00e9chage<\/div><\/div><div class=\"twae-icon\"><i aria-hidden=\"true\" class=\"fas fa-fire\"><\/i><\/div><div class=\"twae-arrow\"><\/div><div class=\"twae-content\"><div class=\"twae-title\">Des lieux strat\u00e9giques<\/div><div class=\"twae-description\"><p>Le s\u00e9chage ne doit pas \u00eatre trop rapide et les pi\u00e8ces pos\u00e9es bien \u00e0 plat, pour \u00e9viter l'apparition de fissures, fatales \u00e0 la cuisson.\u00a0<br \/>Chaque pi\u00e8ce a son lieu : les pichets droits dans la cour ext\u00e9rieure, les vases au dessus du four, les diables au dessus du grand four... Les diff\u00e9rences de temp\u00e9ratures de ces endroits permettent un s\u00e9chage uniforme, adapt\u00e9 \u00e0 la taille, la forme et \u00e0 la quantit\u00e9 de mati\u00e8re.<\/p><\/div>\r\n                <\/div>\r\n        <\/div><div id=\"story-fa103d9\" class=\"twae-story twae-repeater-item twae-story-left twae-story-icon\">\r\n                <div class=\"twae-labels\" ><div class=\"twae-label-big\">Engobage - \u00c9maillage<\/div><\/div><div class=\"twae-icon\"><i aria-hidden=\"true\" class=\"fas fa-water\"><\/i><\/div><div class=\"twae-arrow\"><\/div><div class=\"twae-content\"><div class=\"twae-title\">La protection du pot<\/div><div class=\"twae-description\"><p><strong>L'engobage<\/strong> est la technique qui pr\u00e9c\u00e8de la pose d'\u00e9mail. Il consiste \u00e0 d\u00e9poser sur le pot cru une terre tr\u00e8s fine, claire, tr\u00e8s dilu\u00e9e, servant de sous-couche \u00e0 l'\u00e9mail. L'engobe permet d'obtenir davantage de brillant et de transparence de l'\u00e9mail \u00e0 la cuisson. Cette \u00e9tape se fait le lendemain du tournage. <br \/><strong>L'\u00e9mail<\/strong>, quant \u00e0 lui, est le d\u00e9p\u00f4t d'oxyde de diff\u00e9rents m\u00e9taux pour obtenir, apr\u00e8s cuisson, la couleur voulue. L'op\u00e9ration se fait un ou deux jours avant la cuisson.<br \/><strong>Un second s\u00e9chage est effectu\u00e9 apr\u00e8s l'\u00e9maillage.<\/strong><\/p><\/div>\r\n                <\/div>\r\n        <\/div><div id=\"story-1163452\" class=\"twae-story twae-repeater-item twae-story-right twae-story-icon\">\r\n                <div class=\"twae-labels\" ><div class=\"twae-label-big\">La cuisson<\/div><\/div><div class=\"twae-icon\"><i aria-hidden=\"true\" class=\"fas fa-hot-tub\"><\/i><\/div><div class=\"twae-arrow\"><\/div><div class=\"twae-content\"><div class=\"twae-title\">Chaleur et temps<\/div><div class=\"twae-description\"><p>Les poteries sont cuites \u00e0 1000\u00b0C, temp\u00e9rature n\u00e9cessaire pour la transformation de l'argile.<\/p><p>Une fois cuits, les pots, cassoles et autres diables sont soit pr\u00e9par\u00e9s pour les commandes, soit entrepos\u00e9s dans le parc de la poterie ou dans la boutique.\u00a0<\/p><\/div>\r\n                <\/div>\r\n        <\/div><\/div>\r\n    <div class=\"twae-end\"><\/div>\r\n    <\/div><style type=\"text\/css\"><\/style>\t\t\t\t<\/div>\n\t\t\t\t<\/div>\n\t\t\t\t\t<\/div>\n\t\t<\/div>\n\t\t\t\t\t<\/div>\n\t\t<\/section>\n\t\t\t\t<section class=\"elementor-section elementor-top-section elementor-element elementor-element-3565d53 elementor-section-boxed elementor-section-height-default elementor-section-height-default\" data-id=\"3565d53\" data-element_type=\"section\">\n\t\t\t\t\t\t<div class=\"elementor-container elementor-column-gap-default\">\n\t\t\t\t\t<div class=\"elementor-column elementor-col-100 elementor-top-column elementor-element elementor-element-22b2efe\" data-id=\"22b2efe\" data-element_type=\"column\">\n\t\t\t<div class=\"elementor-widget-wrap elementor-element-populated\">\n\t\t\t\t\t\t<div class=\"elementor-element elementor-element-2fc3bc3 elementor-widget elementor-widget-video\" data-id=\"2fc3bc3\" data-element_type=\"widget\" data-settings=\"{&quot;video_type&quot;:&quot;hosted&quot;,&quot;autoplay&quot;:&quot;yes&quot;,&quot;play_on_mobile&quot;:&quot;yes&quot;,&quot;mute&quot;:&quot;yes&quot;,&quot;controls&quot;:&quot;yes&quot;}\" data-widget_type=\"video.default\">\n\t\t\t\t<div class=\"elementor-widget-container\">\n\t\t\t\t\t\t\t<div class=\"e-hosted-video elementor-wrapper elementor-open-inline\">\n\t\t\t\t\t<video class=\"elementor-video\" src=\"https:\/\/lapoterienot.fr\/wp-content\/uploads\/2023\/05\/La-Poterie-NOT-Potiers-dans-lAude-depuis-3-generations.mov\" autoplay=\"\" controls=\"\" muted=\"muted\" playsinline=\"\" controlsList=\"nodownload\"><\/video>\n\t\t\t\t<\/div>\n\t\t\t\t\t\t<\/div>\n\t\t\t\t<\/div>\n\t\t\t\t\t<\/div>\n\t\t<\/div>\n\t\t\t\t\t<\/div>\n\t\t<\/section>\n\t\t\t\t<section class=\"elementor-section elementor-top-section elementor-element elementor-element-12d2c5c elementor-section-boxed elementor-section-height-default elementor-section-height-default\" data-id=\"12d2c5c\" data-element_type=\"section\">\n\t\t\t\t\t\t<div class=\"elementor-container elementor-column-gap-default\">\n\t\t\t\t\t<div class=\"elementor-column elementor-col-100 elementor-top-column elementor-element elementor-element-859cb8d\" data-id=\"859cb8d\" data-element_type=\"column\">\n\t\t\t<div class=\"elementor-widget-wrap elementor-element-populated\">\n\t\t\t\t\t\t<div class=\"elementor-element elementor-element-d9ec809 elementor-widget elementor-widget-spacer\" data-id=\"d9ec809\" data-element_type=\"widget\" data-widget_type=\"spacer.default\">\n\t\t\t\t<div class=\"elementor-widget-container\">\n\t\t\t\t\t\t\t<div class=\"elementor-spacer\">\n\t\t\t<div class=\"elementor-spacer-inner\"><\/div>\n\t\t<\/div>\n\t\t\t\t\t\t<\/div>\n\t\t\t\t<\/div>\n\t\t\t\t<div class=\"elementor-element elementor-element-0af075c elementor-align-center elementor-widget elementor-widget-button\" data-id=\"0af075c\" data-element_type=\"widget\" data-widget_type=\"button.default\">\n\t\t\t\t<div class=\"elementor-widget-container\">\n\t\t\t\t\t\t\t\t\t<div class=\"elementor-button-wrapper\">\n\t\t\t\t\t<a class=\"elementor-button elementor-button-link elementor-size-sm\" href=\"https:\/\/lapoterienot.fr\/index.php\/notre-histoire\/\">\n\t\t\t\t\t\t<span class=\"elementor-button-content-wrapper\">\n\t\t\t\t\t\t\t\t\t<span class=\"elementor-button-text\">D\u00e9couvrir l'histoire de la poterie<\/span>\n\t\t\t\t\t<\/span>\n\t\t\t\t\t<\/a>\n\t\t\t\t<\/div>\n\t\t\t\t\t\t\t\t<\/div>\n\t\t\t\t<\/div>\n\t\t\t\t\t<\/div>\n\t\t<\/div>\n\t\t\t\t\t<\/div>\n\t\t<\/section>\n\t\t\t\t<\/div>\n\t\t","protected":false},"excerpt":{"rendered":"<p>Nous sommes une Poterie Artisanale situ\u00e9e dans le Sud-Ouest Dans le petit village du Mas-Saintes-Puelles, \u00e0 quelques kilom\u00e8tres de la Castelnaudary, la Poterie Not poterie perp\u00e9tue la tradition du m\u00e9tier ancestral et artisanal de potier. le lieu Un atelier hors du temps Au sein de notre poterie, plusieurs salles se distinguent avec pour chacune, une [&hellip;]<\/p>\n","protected":false},"author":1,"featured_media":732,"parent":0,"menu_order":0,"comment_status":"closed","ping_status":"closed","template":"elementor_header_footer","meta":{"footnotes":""},"actualite":[],"class_list":["post-102","page","type-page","status-publish","has-post-thumbnail","hentry"],"acf":[],"yoast_head":"<!-- This site is optimized with the Yoast SEO plugin v20.7 - https:\/\/yoast.com\/wordpress\/plugins\/seo\/ -->\n<title>La poterie - La poterie not<\/title>\n<meta name=\"description\" content=\"La Poterie Not, situ\u00e9e au Mas-Saintes-Puelles se distingue par bien des aspects... d\u00e9couvrez pourquoi dans cette rubrique !\" \/>\n<meta name=\"robots\" content=\"index, follow, max-snippet:-1, max-image-preview:large, max-video-preview:-1\" \/>\n<link rel=\"canonical\" href=\"https:\/\/lapoterienot.fr\/index.php\/la-poterie\/\" \/>\n<meta property=\"og:locale\" content=\"fr_FR\" \/>\n<meta property=\"og:type\" content=\"article\" \/>\n<meta property=\"og:title\" content=\"La poterie - La poterie not\" \/>\n<meta property=\"og:description\" content=\"La Poterie Not, situ\u00e9e au Mas-Saintes-Puelles se distingue par bien des aspects... d\u00e9couvrez pourquoi dans cette rubrique !\" \/>\n<meta property=\"og:url\" content=\"https:\/\/lapoterienot.fr\/index.php\/la-poterie\/\" \/>\n<meta property=\"og:site_name\" content=\"La poterie not\" \/>\n<meta property=\"article:publisher\" content=\"https:\/\/www.facebook.com\/profile.php?id=100057325515857\" \/>\n<meta property=\"article:modified_time\" content=\"2026-01-18T17:38:50+00:00\" \/>\n<meta property=\"og:image\" content=\"https:\/\/lapoterienot.fr\/wp-content\/uploads\/2023\/04\/Capture-decran-2023-04-30-a-19.23.26-794x1024.png\" \/>\n\t<meta property=\"og:image:width\" content=\"794\" \/>\n\t<meta property=\"og:image:height\" content=\"1024\" \/>\n\t<meta property=\"og:image:type\" content=\"image\/png\" \/>\n<meta name=\"twitter:card\" content=\"summary_large_image\" \/>\n<meta name=\"twitter:label1\" content=\"Dur\u00e9e de lecture estim\u00e9e\" \/>\n\t<meta name=\"twitter:data1\" content=\"3 minutes\" \/>\n<script type=\"application\/ld+json\" class=\"yoast-schema-graph\">{\"@context\":\"https:\/\/schema.org\",\"@graph\":[{\"@type\":\"WebPage\",\"@id\":\"https:\/\/lapoterienot.fr\/index.php\/la-poterie\/\",\"url\":\"https:\/\/lapoterienot.fr\/index.php\/la-poterie\/\",\"name\":\"La poterie - La poterie not\",\"isPartOf\":{\"@id\":\"https:\/\/lapoterienot.fr\/#website\"},\"datePublished\":\"2023-03-22T19:23:54+00:00\",\"dateModified\":\"2026-01-18T17:38:50+00:00\",\"description\":\"La Poterie Not, situ\u00e9e au Mas-Saintes-Puelles se distingue par bien des aspects... d\u00e9couvrez pourquoi dans cette rubrique !\",\"breadcrumb\":{\"@id\":\"https:\/\/lapoterienot.fr\/index.php\/la-poterie\/#breadcrumb\"},\"inLanguage\":\"fr-FR\",\"potentialAction\":[{\"@type\":\"ReadAction\",\"target\":[\"https:\/\/lapoterienot.fr\/index.php\/la-poterie\/\"]}]},{\"@type\":\"BreadcrumbList\",\"@id\":\"https:\/\/lapoterienot.fr\/index.php\/la-poterie\/#breadcrumb\",\"itemListElement\":[{\"@type\":\"ListItem\",\"position\":1,\"name\":\"Accueil\",\"item\":\"https:\/\/lapoterienot.fr\/\"},{\"@type\":\"ListItem\",\"position\":2,\"name\":\"La poterie\"}]},{\"@type\":\"WebSite\",\"@id\":\"https:\/\/lapoterienot.fr\/#website\",\"url\":\"https:\/\/lapoterienot.fr\/\",\"name\":\"La poterie not\",\"description\":\"Savoir-faire du Sud-Ouest\",\"publisher\":{\"@id\":\"https:\/\/lapoterienot.fr\/#organization\"},\"potentialAction\":[{\"@type\":\"SearchAction\",\"target\":{\"@type\":\"EntryPoint\",\"urlTemplate\":\"https:\/\/lapoterienot.fr\/?s={search_term_string}\"},\"query-input\":\"required name=search_term_string\"}],\"inLanguage\":\"fr-FR\"},{\"@type\":\"Organization\",\"@id\":\"https:\/\/lapoterienot.fr\/#organization\",\"name\":\"La Poterie not\",\"url\":\"https:\/\/lapoterienot.fr\/\",\"logo\":{\"@type\":\"ImageObject\",\"inLanguage\":\"fr-FR\",\"@id\":\"https:\/\/lapoterienot.fr\/#\/schema\/logo\/image\/\",\"url\":\"https:\/\/lapoterienot.fr\/wp-content\/uploads\/2023\/03\/Poterie.png\",\"contentUrl\":\"https:\/\/lapoterienot.fr\/wp-content\/uploads\/2023\/03\/Poterie.png\",\"width\":500,\"height\":500,\"caption\":\"La Poterie not\"},\"image\":{\"@id\":\"https:\/\/lapoterienot.fr\/#\/schema\/logo\/image\/\"},\"sameAs\":[\"https:\/\/www.facebook.com\/profile.php?id=100057325515857\",\"https:\/\/www.instagram.com\/poterie_not\/?hl=fr\"]}]}<\/script>\n<!-- \/ Yoast SEO plugin. -->","yoast_head_json":{"title":"La poterie - La poterie not","description":"La Poterie Not, situ\u00e9e au Mas-Saintes-Puelles se distingue par bien des aspects... d\u00e9couvrez pourquoi dans cette rubrique !","robots":{"index":"index","follow":"follow","max-snippet":"max-snippet:-1","max-image-preview":"max-image-preview:large","max-video-preview":"max-video-preview:-1"},"canonical":"https:\/\/lapoterienot.fr\/index.php\/la-poterie\/","og_locale":"fr_FR","og_type":"article","og_title":"La poterie - La poterie not","og_description":"La Poterie Not, situ\u00e9e au Mas-Saintes-Puelles se distingue par bien des aspects... d\u00e9couvrez pourquoi dans cette rubrique !","og_url":"https:\/\/lapoterienot.fr\/index.php\/la-poterie\/","og_site_name":"La poterie not","article_publisher":"https:\/\/www.facebook.com\/profile.php?id=100057325515857","article_modified_time":"2026-01-18T17:38:50+00:00","og_image":[{"width":794,"height":1024,"url":"https:\/\/lapoterienot.fr\/wp-content\/uploads\/2023\/04\/Capture-decran-2023-04-30-a-19.23.26-794x1024.png","type":"image\/png"}],"twitter_card":"summary_large_image","twitter_misc":{"Dur\u00e9e de lecture estim\u00e9e":"3 minutes"},"schema":{"@context":"https:\/\/schema.org","@graph":[{"@type":"WebPage","@id":"https:\/\/lapoterienot.fr\/index.php\/la-poterie\/","url":"https:\/\/lapoterienot.fr\/index.php\/la-poterie\/","name":"La poterie - La poterie not","isPartOf":{"@id":"https:\/\/lapoterienot.fr\/#website"},"datePublished":"2023-03-22T19:23:54+00:00","dateModified":"2026-01-18T17:38:50+00:00","description":"La Poterie Not, situ\u00e9e au Mas-Saintes-Puelles se distingue par bien des aspects... d\u00e9couvrez pourquoi dans cette rubrique !","breadcrumb":{"@id":"https:\/\/lapoterienot.fr\/index.php\/la-poterie\/#breadcrumb"},"inLanguage":"fr-FR","potentialAction":[{"@type":"ReadAction","target":["https:\/\/lapoterienot.fr\/index.php\/la-poterie\/"]}]},{"@type":"BreadcrumbList","@id":"https:\/\/lapoterienot.fr\/index.php\/la-poterie\/#breadcrumb","itemListElement":[{"@type":"ListItem","position":1,"name":"Accueil","item":"https:\/\/lapoterienot.fr\/"},{"@type":"ListItem","position":2,"name":"La poterie"}]},{"@type":"WebSite","@id":"https:\/\/lapoterienot.fr\/#website","url":"https:\/\/lapoterienot.fr\/","name":"La poterie not","description":"Savoir-faire du Sud-Ouest","publisher":{"@id":"https:\/\/lapoterienot.fr\/#organization"},"potentialAction":[{"@type":"SearchAction","target":{"@type":"EntryPoint","urlTemplate":"https:\/\/lapoterienot.fr\/?s={search_term_string}"},"query-input":"required name=search_term_string"}],"inLanguage":"fr-FR"},{"@type":"Organization","@id":"https:\/\/lapoterienot.fr\/#organization","name":"La Poterie not","url":"https:\/\/lapoterienot.fr\/","logo":{"@type":"ImageObject","inLanguage":"fr-FR","@id":"https:\/\/lapoterienot.fr\/#\/schema\/logo\/image\/","url":"https:\/\/lapoterienot.fr\/wp-content\/uploads\/2023\/03\/Poterie.png","contentUrl":"https:\/\/lapoterienot.fr\/wp-content\/uploads\/2023\/03\/Poterie.png","width":500,"height":500,"caption":"La Poterie not"},"image":{"@id":"https:\/\/lapoterienot.fr\/#\/schema\/logo\/image\/"},"sameAs":["https:\/\/www.facebook.com\/profile.php?id=100057325515857","https:\/\/www.instagram.com\/poterie_not\/?hl=fr"]}]}},"_links":{"self":[{"href":"https:\/\/lapoterienot.fr\/index.php\/wp-json\/wp\/v2\/pages\/102","targetHints":{"allow":["GET"]}}],"collection":[{"href":"https:\/\/lapoterienot.fr\/index.php\/wp-json\/wp\/v2\/pages"}],"about":[{"href":"https:\/\/lapoterienot.fr\/index.php\/wp-json\/wp\/v2\/types\/page"}],"author":[{"embeddable":true,"href":"https:\/\/lapoterienot.fr\/index.php\/wp-json\/wp\/v2\/users\/1"}],"replies":[{"embeddable":true,"href":"https:\/\/lapoterienot.fr\/index.php\/wp-json\/wp\/v2\/comments?post=102"}],"version-history":[{"count":90,"href":"https:\/\/lapoterienot.fr\/index.php\/wp-json\/wp\/v2\/pages\/102\/revisions"}],"predecessor-version":[{"id":1062,"href":"https:\/\/lapoterienot.fr\/index.php\/wp-json\/wp\/v2\/pages\/102\/revisions\/1062"}],"wp:featuredmedia":[{"embeddable":true,"href":"https:\/\/lapoterienot.fr\/index.php\/wp-json\/wp\/v2\/media\/732"}],"wp:attachment":[{"href":"https:\/\/lapoterienot.fr\/index.php\/wp-json\/wp\/v2\/media?parent=102"}],"wp:term":[{"taxonomy":"actualite","embeddable":true,"href":"https:\/\/lapoterienot.fr\/index.php\/wp-json\/wp\/v2\/actualite?post=102"}],"curies":[{"name":"wp","href":"https:\/\/api.w.org\/{rel}","templated":true}]}}